{"id":9,"date":"2023-03-21T08:02:05","date_gmt":"2023-03-21T08:02:05","guid":{"rendered":"https:\/\/cashlogyalicante.com\/?page_id=9"},"modified":"2023-12-18T12:45:26","modified_gmt":"2023-12-18T12:45:26","slug":"blog","status":"publish","type":"page","link":"https:\/\/cashlogyalicante.com\/?page_id=9","title":{"rendered":"Financiacion"},"content":{"rendered":"\n<div class=\"wp-block-media-text alignwide is-stacked-on-mobile\"><figure class=\"wp-block-media-text__media\"><img decoding=\"async\" loading=\"lazy\" width=\"536\" height=\"358\" src=\"https:\/\/cashlogyalicante.com\/wp-content\/uploads\/2023\/03\/financiacion2-1.png\" alt=\"\" class=\"wp-image-123 size-full\" srcset=\"https:\/\/cashlogyalicante.com\/wp-content\/uploads\/2023\/03\/financiacion2-1.png 536w, https:\/\/cashlogyalicante.com\/wp-content\/uploads\/2023\/03\/financiacion2-1-300x200.png 300w\" sizes=\"(max-width: 536px) 100vw, 536px\" \/><\/figure><div class=\"wp-block-media-text__content\">\n<h1>Cashlogy, la soluci\u00f3n automatizada de control del efectivo.<\/h1>\n\n\n\n<p>Si eres due\u00f1o de un establecimiento y buscas mejorar la calidad de tu servicio al cliente, una excelente opci\u00f3n es modernizar tu sistema de pago para brindar una experiencia r\u00e1pida y sencilla.<\/p>\n\n\n\n<div class=\"is-content-justification-center is-layout-flex wp-container-1 wp-block-buttons\">\n<div class=\"wp-block-button has-custom-width wp-block-button__width-100 has-custom-font-size is-style-fill has-medium-font-size\"><a class=\"wp-block-button__link has-luminous-vivid-amber-color has-text-color has-background wp-element-button\" href=\"https:\/\/cashlogyalicante.com\/?page_id=59\" style=\"border-radius:71px;background-color:#595454\" rel=\"\">CONTACTANOS<\/a><\/div>\n<\/div>\n<\/div><\/div>\n\n\n\n<div class=\"is-content-justification-center is-nowrap is-layout-flex wp-container-2 wp-block-group\">\n<figure class=\"wp-block-image\"><img decoding=\"async\" loading=\"lazy\" width=\"512\" height=\"512\" src=\"http:\/\/cashlogyalicante.com\/wp-content\/uploads\/2023\/03\/hurto.png\" alt=\"\" class=\"wp-image-128\" srcset=\"https:\/\/cashlogyalicante.com\/wp-content\/uploads\/2023\/03\/hurto.png 512w, https:\/\/cashlogyalicante.com\/wp-content\/uploads\/2023\/03\/hurto-300x300.png 300w, https:\/\/cashlogyalicante.com\/wp-content\/uploads\/2023\/03\/hurto-150x150.png 150w\" sizes=\"(max-width: 512px) 100vw, 512px\" \/><figcaption class=\"wp-element-caption\"><strong><em>Minimiza hurtos internos<\/em><\/strong><\/figcaption><\/figure>\n\n\n\n<figure class=\"wp-block-image\"><img decoding=\"async\" src=\"https:\/\/cashlogyalicante.com\/wp-content\/uploads\/2023\/03\/caja-registradora-1.png\" alt=\"\" class=\"wp-image-128\"\/><figcaption class=\"wp-element-caption\"><strong><em>Evita descuadre de cajas<\/em><\/strong><\/figcaption><\/figure>\n\n\n\n<figure class=\"wp-block-image\"><img decoding=\"async\" src=\"https:\/\/cashlogyalicante.com\/wp-content\/uploads\/2023\/03\/anti-corrupcion-1.png\" alt=\"\" class=\"wp-image-128\"\/><figcaption class=\"wp-element-caption\"><strong><em>Elimina fraude de dinero<\/em><\/strong><\/figcaption><\/figure>\n\n\n\n<figure class=\"wp-block-image size-full\"><img decoding=\"async\" src=\"https:\/\/cashlogyalicante.com\/wp-content\/uploads\/2023\/03\/soborno-2.png\" alt=\"\" class=\"wp-image-128\"><figcaption class=\"wp-element-caption\"><strong><em>El cambio siempre correcto<\/em><\/strong><\/figcaption><\/figure>\n<\/div>\n\n\n\n<hr class=\"wp-block-separator has-alpha-channel-opacity is-style-dots\"\/>\n\n\n\n<div class=\"wp-block-media-text alignwide is-stacked-on-mobile is-vertically-aligned-center is-image-fill has-white-color has-text-color has-background\" style=\"background-color:#ffffff00\"><figure class=\"wp-block-media-text__media\" style=\"background-image:url(https:\/\/cashlogyalicante.com\/wp-content\/uploads\/2023\/03\/slide-horeca-1-1024x683.jpg);background-position:27% 48%\"><img decoding=\"async\" loading=\"lazy\" width=\"1024\" height=\"683\" src=\"https:\/\/cashlogyalicante.com\/wp-content\/uploads\/2023\/03\/slide-horeca-1-1024x683.jpg\" alt=\"\" class=\"wp-image-205 size-full\" srcset=\"https:\/\/cashlogyalicante.com\/wp-content\/uploads\/2023\/03\/slide-horeca-1-1024x683.jpg 1024w, https:\/\/cashlogyalicante.com\/wp-content\/uploads\/2023\/03\/slide-horeca-1-300x200.jpg 300w, https:\/\/cashlogyalicante.com\/wp-content\/uploads\/2023\/03\/slide-horeca-1-768x512.jpg 768w, https:\/\/cashlogyalicante.com\/wp-content\/uploads\/2023\/03\/slide-horeca-1.jpg 1239w\" sizes=\"(max-width: 1024px) 100vw, 1024px\" \/><\/figure><div class=\"wp-block-media-text__content\">\n<p class=\"has-luminous-vivid-amber-color has-text-color\" style=\"font-size:36px;line-height:1.2\"><em><strong>\u00bfPor qu\u00e9 Cashlogy?<\/strong><\/em><\/p>\n\n\n\n<p>A pesar de que el efectivo sigue siendo el m\u00e9todo de pago preferido por muchos clientes en la actualidad, su manejo puede resultar complicado. Cashlogy es una tecnolog\u00eda innovadora de punto de venta que automatiza todos los procesos del efectivo y facilita su gesti\u00f3n. Para tu comodidad, Cashlogy se puede integrar de manera sencilla, r\u00e1pida y segura con el TPV de tu negocio.<\/p>\n<\/div><\/div>\n\n\n\n<hr class=\"wp-block-separator has-alpha-channel-opacity is-style-dots\"\/>\n\n\n\n<div class=\"wp-block-media-text alignwide has-media-on-the-right is-stacked-on-mobile is-vertically-aligned-center is-image-fill has-background\" style=\"background-color:#ffffff00;grid-template-columns:auto 45%\"><div class=\"wp-block-media-text__content\">\n<div class=\"is-layout-flow wp-block-group\" style=\"padding-top:2em;padding-right:2em;padding-bottom:2em;padding-left:2em\"><div class=\"wp-block-group__inner-container\">\n<p class=\"has-luminous-vivid-amber-color has-text-color\" style=\"font-size:36px;line-height:1.2\"><strong><em>Plan de financiaci\u00f3n<\/em><\/strong><\/p>\n\n\n\n<p>En Grupo Azkoyen, nuestro objetivo es ayudarte a invertir en la productividad y el crecimiento de tu negocio. Por esta raz\u00f3n, ofrecemos las mejores condiciones de financiamiento del mercado.<\/p>\n\n\n\n<p>La inversi\u00f3n en Cashlogy se amortiza r\u00e1pidamente cuando se descubren todos los beneficios que aporta en la operativa diaria. Si est\u00e1s interesado en instalar Cashlogy en tu negocio, cont\u00e1ctanos y te brindaremos la soluci\u00f3n m\u00e1s adecuada a tus necesidades.<\/p>\n<\/div><\/div>\n<\/div><figure class=\"wp-block-media-text__media\" style=\"background-image:url(https:\/\/cashlogyalicante.com\/wp-content\/uploads\/2023\/03\/prueba-1024x684.png);background-position:62% 51%\"><img decoding=\"async\" loading=\"lazy\" width=\"1024\" height=\"684\" src=\"https:\/\/cashlogyalicante.com\/wp-content\/uploads\/2023\/03\/prueba-1024x684.png\" alt=\"\" class=\"wp-image-215 size-full\" srcset=\"https:\/\/cashlogyalicante.com\/wp-content\/uploads\/2023\/03\/prueba-1024x684.png 1024w, https:\/\/cashlogyalicante.com\/wp-content\/uploads\/2023\/03\/prueba-300x200.png 300w, https:\/\/cashlogyalicante.com\/wp-content\/uploads\/2023\/03\/prueba-768x513.png 768w, https:\/\/cashlogyalicante.com\/wp-content\/uploads\/2023\/03\/prueba.png 1244w\" sizes=\"(max-width: 1024px) 100vw, 1024px\" \/><\/figure><\/div>\n","protected":false},"excerpt":{"rendered":"<p>El cambio siempre correcto \u00bfPor qu\u00e9 Cashlogy? A pesar de que el efectivo sigue siendo el m\u00e9todo de pago preferido por muchos clientes en la actualidad, su manejo puede resultar complicado. Cashlogy es una tecnolog\u00eda innovadora de punto de venta que automatiza todos los procesos del efectivo y facilita su gesti\u00f3n. Para tu comodidad, Cashlogy [&hellip;]<\/p>\n","protected":false},"author":1,"featured_media":0,"parent":0,"menu_order":0,"comment_status":"closed","ping_status":"closed","template":"template-fullwidth.php","meta":[],"_links":{"self":[{"href":"https:\/\/cashlogyalicante.com\/index.php?rest_route=\/wp\/v2\/pages\/9"}],"collection":[{"href":"https:\/\/cashlogyalicante.com\/index.php?rest_route=\/wp\/v2\/pages"}],"about":[{"href":"https:\/\/cashlogyalicante.com\/index.php?rest_route=\/wp\/v2\/types\/page"}],"author":[{"embeddable":true,"href":"https:\/\/cashlogyalicante.com\/index.php?rest_route=\/wp\/v2\/users\/1"}],"replies":[{"embeddable":true,"href":"https:\/\/cashlogyalicante.com\/index.php?rest_route=%2Fwp%2Fv2%2Fcomments&post=9"}],"version-history":[{"count":63,"href":"https:\/\/cashlogyalicante.com\/index.php?rest_route=\/wp\/v2\/pages\/9\/revisions"}],"predecessor-version":[{"id":952,"href":"https:\/\/cashlogyalicante.com\/index.php?rest_route=\/wp\/v2\/pages\/9\/revisions\/952"}],"wp:attachment":[{"href":"https:\/\/cashlogyalicante.com\/index.php?rest_route=%2Fwp%2Fv2%2Fmedia&parent=9"}],"curies":[{"name":"wp","href":"https:\/\/api.w.org\/{rel}","templated":true}]}}